inder when 187 is divided by 81?
25
Calculate the remainder when 51 is divided by 24.
3
Calculate the remainder when 1708 is divided by 1707.
1
Calculate the remainder when 86 is divided by 47.
39
What is the remainder when 2564 is divided by 323?
303
Calculate the remainder when 1214 is divided by 136.
126
Calculate the remainder when 5 is divided by 3.
2
What is the remainder when 790 is divided by 36?
34
What is the remainder when 805 is divided by 24?
13
Calculate the remainder when 1441 is divided by 14.
13
Calculate the remainder when 975 is divided by 89.
85
What is the remainder when 269 is divided by 130?
9
What is the remainder when 614 is divided by 44?
42
Calculate the remainder when 1022 is divided by 327.
41
What is the remainder when 209 is divided by 108?
101
What is the remainder when 94 is divided by 6?
4
Calculate the remainder when 4821 is divided by 13.
11
Calculate the remainder when 9 is divided by 6.
3
What is the remainder when 367 is divided by 336?
31
Calculate the remainder when 503 is divided by 22.
19
What is the remainder when 4325 is divided by 1438?
11
Calculate the remainder when 752 is divided by 3.
2
What is the remainder when 1817 is divided by 183?
170
Calculate the remainder when 218 is divided by 44.
42
Calculate the remainder when 130 is divided by 23.
15
Calculate the remainder when 112 is divided by 57.
55
Calculate the remainder when 7260 is divided by 35.
15
What is the remainder when 89 is divided by 37?
15
What is the remainder when 392 is divided by 36?
32
Calculate the remainder when 798 is divided by 132.
6
What is the remainder when 3951 is divided by 172?
167
What is the remainder when 105 is divided by 60?
45
Calculate the remainder when 686 is divided by 35.
21
What is the remainder when 55 is divided by 11?
0
What is the remainder when 475 is divided by 242?
233
What is the remainder when 2572 is divided by 16?
12
Calculate the remainder when 666 is divided by 9.
0
Calculate the remainder when 188 is divided by 167.
21
Calculate the remainder when 694 is divided by 54.
46
What is the remainder when 388 is divided by 13?
11
Calculate the remainder when 699 is divided by 25.
24
Calculate the remainder when 233 is divided by 37.
11
What is the remainder when 823 is divided by 44?
31
Calculate the remainder when 2382 is divided by 82.
4
What is the remainder when 39624 is divided by 17?
14
What is the remainder when 49 is divided by 10?
9
Calculate the remainder when 99 is divided by 54.
45
Calculate the remainder when 462 is divided by 170.
122
Calculate the remainder when 2073 is divided by 67.
63
Calculate the remainder when 29971 is divided by 127.
126
What is the remainder when 4127 is divided by 71?
9
Calculate the remainder when 158 is divided by 41.
35
What is the remainder when 3286 is divided by 24?
22
What is the remainder when 352 is divided by 89?
85
What is the remainder when 27 is divided by 14?
13
Calculate the remainder when 3005 is divided by 167.
166
Calculate the remainder when 57 is divided by 33.
24
Calculate the remainder when 98 is divided by 5.
3
Calculate the remainder when 530 is divided by 101.
25
What is the remainder when 1161 is divided by 102?
39
Calculate the remainder when 390 is divided by 159.
72
What is the remainder when 258 is divided by 67?
57
What is the remainder when 700 is divided by 90?
70
Calculate the remainder when 98 is divided by 33.
32
Calculate the remainder when 63 is divided by 10.
3
Calculate the remainder when 511 is divided by 32.
31
Calculate the remainder when 138 is divided by 11.
6
Calculate the remainder when 78 is divided by 30.
18
Calculate the remainder when 31 is divided by 26.
5
What is the remainder when 648 is divided by 21?
18
Calculate the remainder when 347 is divided by 25.
22
Calculate the remainder when 4857 is divided by 167.
14
What is the remainder when 152 is divided by 26?
22
Calculate the remainder when 1965 is divided by 164.
161
Calculate the remainder when 98 is divided by 64.
34
Calculate the remainder when 202 is divided by 76.
50
What is the remainder when 100 is divided by 16?
4
Calculate the remainder when 516 is divided by 74.
72
What is the remainder when 1212 is divided by 41?
23
Calculate the remainder when 807 is divided by 30.
27
What is the remainder when 161 is divided by 17?
8
What is the remainder when 558 is divided by 109?
13
What is the remainder when 1327 is divided by 196?
151
What is the remainder when 212 is divided by 43?
40
What is the remainder when 2771 is divided by 37?
33
What is the remainder when 2130 is divided by 708?
6
What is the remainder when 90 is divided by 46?
44
Calculate the remainder when 275 is divided by 10.
5
What is the remainder when 1466 is divided by 14?
10
Calculate the remainder when 405 is divided by 24.
21
Calculate the remainder when 1544 is divided by 12.
8
What is the remainder when 290 is divided by 25?
15
What is the remainder when 4042 is divided by 4030?
12
Calculate the remainder when 8059 is divided by 13.
12
Calculate the remainder when 707 is divided by 10.
7
Calculate the remainder when 112 is divided by 52.
8
Calculate the remainder when 683 is divided by 64.
43
What is the remainder when 475 is divided by 159?
157
Calculate the remainder when 151 is divided by 41.
28
Calculate the remainder when 128 is divided by 3.
2
What is the remainder when 516 is divided by 134?
114
What is the remainder when 3292 is divided by 97?
91
Calculate the remainder when 236 is divided by 17.
15
Calculate the remainder when 221 is divided by 38.
31
Calculate the remainder when 5614 is divided by 52.
50
What is the remainder when 29 is divided by 18?
11
Calculate the remainder when 838 is divided by 14.
12
Calculate the remainder when 1037 is divided by 240.
77
What is the remainder when 171 is divided by 169?
2
Calculate the remainder when 211 is divided by 73.
65
What is the remainder when 783 is divided by 40?
23
What is the remainder when 1443 is divided by 162?
147
What is the remainder when 2412 is divided by 78?
72
Calculate the remainder when 892 is divided by 39.
34
Calculate the remainder when 726 is divided by 8.
6
Calculate the remainder when 116 is divided by 47.
22
Calculate the remainder when 71 is divided by 27.
17
Calculate the remainder when 583 is divided by 15.
13
What is the remainder when 208 is divided by 116?
92
What is the remainder when 987 is divided by 29?
1
Calculate the remainder when 69 is divided by 41.
28
What is the remainder when 702 is divided by 176?
174
Calculate the remainder when 662 is divided by 74.
70
What is the remainder when 331 is divided by 98?
37
Calculate the remainder when 725 is divided by 80.
5
Calculate the remainder when 393 is divided by 384.
9
What is the remainder when 512 is divided by 86?
82
Calculate the remainder when 1440 is divided by 39.
36
Calculate the remainder when 3291 is divided by 300.
291
Calculate the remainder when 509 is divided by 57.
53
Calculate the remainder when 32198 is divided by 115.
113
Calculate the remainder when 147 is divided by 48.
3
Calculate the remainder when 1837 is divided by 123.
115
Calculate the remainder when 1417 is divided by 71.
68
What is the remainder when 820 is divided by 52?
40
What is the remainder when 285 is divided by 92?
9
What is the remainder when 91 is divided by 16?
11
What is the remainder when 5448 is divided by 109?
107
What is the remainder when 2996 is divided by 75?
71
What is the remainder when 112 is divided by 94?
18
What is the remainder when 90 is divided by 45?
0
What is the remainder when 199 is divided by 35?
24
Calculate the remainder when 343 is divided by 16.
7
What is the remainder when 767 is divided by 32?
31
Calculate the remainder when 15421 is divided by 4.
1
What is the remainder when 5769 is divided by 111?
108
What is the remainder when 354 is divided by 150?
54
Calculate the remainder when 10646 is divided by 121.
119
What is the remainder when 110 is divided by 31?
17
What is the remainder when 149 is divided by 11?
6
Calculate the remainder when 406 is divided by 36.
10
Calculate the remainder when 289 is divided by 3.
1
What is the remainder when 844 is divided by 13?
12
Calculate the remainder when 196 is divided by 